 List the prime factors of -3*1 + (m - 2).
2
Let r be ((-4)/(-5))/((-2)/(-5)). Let h be (-82)/(-3) - r/(-3). Suppose 2*k = 90 - h. List the prime factors of k.
31
Let l(q) = 2*q**2 + 4*q + 8. Let y(u) = 5*u - 1. Let s be y(1). Let a(t) = -5*t + 14. Let i be a(s). What are the prime factors of l(i)?
2, 7
Let z(d) = d**2 + 13*d + 6. Let n be z(-12). Let p be 2/n - 152/(-6). Let h = -20 + p. List the prime factors of h.
5
Suppose v + 6 = 4*k, 3*k - 6 = -0*k. Suppose -3*p + 82 = -v. What are the prime factors of p?
2, 7
Suppose 18*m - 12697 = 4817. List the prime factors of m.
7, 139
Let h be ((-5)/15)/(2/30). Let o be 16/(h*(-6)/15). Let m = 44 - o. List the prime factors of m.
2, 3
Let b(f) = -f**3 + 16*f**2 - 18*f + 13. Let c be b(15). Let a = -68 - c. What are the prime factors of 9/(3 - 0) - a?
3, 13
Let h be (11 - 8) + (1 - 4). Suppose 5*o - g - 249 = -2*g, 2*o - 3*g - 86 = h. What are the prime factors of o?
7
Suppose 0 = 5*p - 189 - 96. Let t = p + -42. What are the prime factors of t?
3, 5
Let n be 5*6 + 4/(-2). Suppose -104 = 2*u - 10*u. Let c = n - u. What are the prime factors of c?
3, 5
Let g(f) = 2*f**3 - 8*f**2 + 7*f + 5. Let v = 53 - 49. What are the prime factors of g(v)?
3, 11
Let m = -1535 - -2996. What are the prime factors of m?
3, 487
Let l(y) = y**2 + 9*y - 31. Let i be l(3). Suppose -3*v + 14*n = 18*n - 403, v - i*n = 109. List the prime factors of v.
3, 43
Let s = -96 - -99. Suppose -27 - 42 = -s*t. What are the prime factors of t?
23
Suppose 0 = 14*p - 528 - 7004. List the prime factors of p.
2, 269
Suppose -2*j - 2*j - 2 = -2*t, 3 = 5*j + 3*t. Suppose 0*o + 4*o - 344 = j. What are the prime factors of o?
2, 43
Let s = -27 + 87. Suppose 3*i - 9 - s = 0. Suppose 4*x - 17 = -l + i, 112 = 5*l - 2*x. What are the prime factors of l?
2, 3
Suppose l - 6 = -2. Let s be ((-2)/l)/(2/12). Let m(k) = k**2 - 2*k. List the prime factors of m(s).
3, 5
Let j = -40 - -40. Suppose 3*p - 5*p + 218 = j. What are the prime factors of p?
109
Let v be (-63)/(-27) - (-4)/6. List the prime factors of v + (-416)/(-2) - 15/5.
2, 13
Let b(f) = f + 1. Let q(x) = 23*x + 21. Let k(o) = 4*b(o) - q(o). List the prime factors of k(-8).
3, 5
Let v(h) = 28*h - 147. List the prime factors of v(19).
5, 7, 11
Let q be 2*1*(75/(-6))/(-5). Suppose 3*l + 243 = z + 2*z, 437 = q*z + 3*l. What are the prime factors of z?
5, 17
Suppose 4*v = 11*v - 413. Suppose 0 = -n - r + v, 3*n + 4*r - 148 - 29 = 0. What are the prime factors of n?
59
Suppose -9 = -8*r + 5*r. Suppose -d - r*d = -3*m - 148, 0 = 2*m. List the prime factors of d.
37
Let d be (-443 + -1)/((-16)/8). List the prime factors of d*(-5 - -6) - -3.
3, 5
Let d be (-5 + 3)/((-4)/(-246)). Let x = -65 - d. What are the prime factors of x?
2, 29
Let v = 36 - 31. Suppose -2*a - 321 = -v*a. What are the prime factors of a?
107
Let k = 80 - -78. List the prime factors of k.
2, 79
What are the prime factors of 97 + 1 + (7 - (-32)/(-4))?
97
Let m(h) = -h**2 + 10*h + 14. Let a be m(11). Let v be (-18)/12*(-4)/a. List the prime factors of v/3*(3 + 3).
2
Suppose 5*f - 15 = -3*a + 41, 60 = 3*a + 3*f. Let v(g) = g**2 - 4*g - 6. Let y be v(6). Let h = a - y. List the prime factors of h.
2
Suppose -2*x - 124 = -5*w - 1027, 533 = -3*w - x. Let d = 302 + w. List the prime factors of d.
3, 41
Let d be ((-24)/10)/(4/20). Suppose -38 = -3*k + 4*q, 0 = 2*k - 3*q + 8*q - 56. Let n = d + k. What are the prime factors of n?
2, 3
Let l(z) = -z + 1. Let f be l(-5). Let a = f - -30. Let i = 64 - a. List the prime factors of i.
2, 7
Let w(c) = 4*c - 4 - 10 + 15 - 11*c. Suppose -5*v + 0*i - 7 = 4*i, -5*i = -5*v - 25. What are the prime factors of w(v)?
2, 11
Suppose 0*p - 666 = -9*p. What are the prime factors of (p/8)/(10/80)?
2, 37
Let r(k) = -k**3 - 6*k**2 + k + 9. Let d be r(-6). Let m = d + 1. Suppose -204 = -m*i - 80. What are the prime factors of i?
31
List the prime factors of 421873/301 - (-4)/(-7).
3, 467
Let m = -108 + 157. What are the prime factors of m?
7
Suppose 341 = 5*x + 4*u - 3*u, 5*u + 131 = 2*x. Suppose -5*k + 758 - x = 0. List the prime factors of k.
2, 3, 23
Let g(s) = -100*s - 317. What are the prime factors of g(-8)?
3, 7, 23
Let y = -10 - -16. Suppose r + y = 3*r. Suppose 4*c + r*b - 1 = 8*c, 4*b - 12 = 0. List the prime factors of c.
2
Let c = -15 - -15. Suppose -4*b + 8*k - 3*k + 100 = c, -2*b + 56 = -4*k. What are the prime factors of b?
2, 5
Suppose -4*a - 124 = 4*f, 2*f = a + 6 - 56. Let z = f - -83. List the prime factors of z.
2, 7
Let j(s) = 22*s - 7. Let d be j(-7). Let i = d + 268. List the prime factors of i.
107
Suppose y - 3*m = 0, -5*y = 5*m - 3*m. Suppose -2*f - 7*f + 963 = y. What are the prime factors of f?
107
Suppose 2*c = 5*i - 2*c - 44, -3*i + 29 = -5*c. Suppose i*g - 10*g = -156. What are the prime factors of (g/(-8))/((-9)/24)?
2, 13
Let q = 277 + -164. Let n be 1 - ((q - 2) + -4). Let d = -60 - n. What are the prime factors of d?
2, 23
Let v be 45 - 3*(-5)/(-15). Suppose -2*l + v = -5*b - 41, l = 2*b + 45. What are the prime factors of l?
5, 11
Let j = 2711 + -1510. List the prime factors of j.
1201
Let c(x) = -2*x**2 + 26*x + 10. Suppose 4*l = 2*a - 16 - 12, 3*a = 2*l + 34. List the prime factors of c(a).
2, 5, 7
Let w be 24/(-60) - 4/(-10). Suppose -2*n + 4*d = d - 153, w = -2*d - 10. List the prime factors of n.
3, 23
Let k(u) = u**2 - 14*u - 67. Let q be k(20). Suppose 1085 = q*j - 48*j. List the prime factors of j.
7, 31
Let j(x) = x + 4. Let o be j(1). Suppose -o*s = -2*t - 460, -7*s = -3*s - 3*t - 361. What are the prime factors of s?
2, 47
Suppose 0 = -6*b + 3*b + 21. Let y(a) = -391 - 388 + a + 782. List the prime factors of y(b).
2, 5
Suppose 182*y = 172*y + 5940. List the prime factors of y.
2, 3, 11
Suppose -2*i + 6*i = 3*r - 1310, -1725 = -4*r + i. List the prime factors of r.
2, 5, 43
Let k = 2160 + -1043. List the prime factors of k.
1117
Let t = -29 + 9. Let z be 304/6 - (-6)/(-9). Let h = z + t. List the prime factors of h.
2, 3, 5
Let a(w) = 174*w - 182. What are the prime factors of a(6)?
2, 431
Let o(p) = -2*p + 20. Let n be o(8). Suppose 596 = n*i + 3*x, -3*x = 5*i - 2*x - 756. Let s = -86 + i. What are the prime factors of s?
2, 3, 11
Suppose -1516 = -d - 3*d - 4*u, -9 = -3*u. What are the prime factors of d?
2, 47
Suppose -3*o = o - y + 5, 2*y = o + 10. Suppose 3*p = -o*p - 3*h + 219, -2*h - 2 = 0. What are the prime factors of p?
2, 37
Suppose s + 3*v - 1467 = 0, -s + v + 396 = -1055. What are the prime factors of s?
3, 5, 97
Suppose 4*n = -16, 0 = -4*y - 4*n - 410 + 2762. List the prime factors of y.
2, 37
Suppose 0*x - 450 = -3*x. Suppose 3*d + 42 + 8 = c, -3*c - d + x = 0. What are the prime factors of c?
2, 5
Let f(d) = 61*d**3 - d**2 + 2*d - 2. Suppose y - 3*c - 2 = -13, 2*c = 8. List the prime factors of f(y).
2, 3, 5
Let k(d) = d**2 - 5*d - 81. What are the prime factors of k(-15)?
3, 73
Suppose -25*g = -35*g + 3880. List the prime factors of g.
2, 97
List the prime factors of (1/(-2))/(1/(-36)).
2, 3
Let f(c) = c**2 + 4*c + 3. Let n be f(0). Suppose 4*q = 2*r - 38, 5*q - 2*q - 66 = -n*r. What are the prime factors of r?
3, 7
Let w(y) = y**3 + 5*y**2 + 4*y + 3. Let n be w(-4). Suppose 1 + n = 4*h. What are the prime factors of h/(69/(-35) + 2)?
5, 7
Let k(h) = 211*h**3 - 10*h**2 + 7*h + 4. List the prime factors of k(2).
2, 7, 17
Suppose 29*x - 10761 = -22*x. List the prime factors of x.
211
Let z = -376 + 536. List the prime factors of z.
2, 5
List the prime factors of ((-58)/(-8))/(63/8316).
3, 11, 29
Suppose -232 = 4*n - 0*n. Let x = n - -155. What are the prime factors of x?
97
Let o(j) = -7*j + 2. Let d be o(-2). Suppose -d = 3*f - 208. Suppose 3*b - 3*n = 2*b + 36, 2*n = -3*b + f. List the prime factors of b.
2, 3
Suppose 0 = 5*j - 0*i + 4*i - 23, -4*i + 11 = j. Let t = 1 + 6. Let b = t + j. What are the prime factors of b?
2, 5
Let t be (-3 - (-4)/4)*-1. Suppose -l + 2*j = 8, -t*l = -j + 4 - 0. Suppose 0 = 3*o - p - 103, -3*p - 2 + 8 = l. List the prime factors of o.
5, 7
Suppose -8579 = -4*a + 6049. What are the prime factors of 0 + (-6)/(-33) - a/(-33)?
3, 37
Let w = 11 - 15. Suppose 4*k - 294 = -66. List the prime factors of (1 + k)*(-2)/w.
29
Let x be ((-16)/24)/(2/(-12)). Suppose -15 = -x*q - q. Suppose -6*v + 30 = 4*u - q*v, -u - 3*v = -3. 